 5111672. What is k(-27)?
-5
Let m(o) = o**3 - 198*o**2 + 391*o + 330. Give m(196).
134
Let h(m) = -2*m**2 + 1205*m - 149154. Calculate h(174).
-36
Let h(f) = f**3 - 1128*f**2 - 3290*f + 312. Calculate h(-3).
3
Let c(s) = -98*s - 40834. Calculate c(-417).
32
Let q(d) = -1641056*d - 1641059. Give q(-1).
-3
Let t(q) = 13*q**2 + 5509*q + 4226. Calculate t(-423).
-4
Let d(s) = 83*s**2 + 1748*s - 10615. Calculate d(-26).
45
Let i(c) = -1107*c + 3587. Determine i(4).
-841
Let a(x) = x**2 - 68571*x + 3905300. Determine a(57).
2
Let m(j) = j**3 - 12*j**2 + 28160*j - 281386. Give m(10).
14
Let p(f) = 9388*f + 844957. Determine p(-90).
37
Let v(r) = 60*r**2 - 438*r + 39. What is v(8)?
375
Let j(w) = -6*w**3 - 23*w**2 - 48*w - 209. What is j(-4)?
-1
Let m(x) = 34*x**3 - 8057*x**2 - 255*x + 4227. What is m(237)?
-39
Let k(g) = -41675*g - 139. Calculate k(0).
-139
Let p(n) = 2*n**2 + 1442*n + 24213. Calculate p(-17).
277
Let k(a) = a**2 + 910*a - 38951. Determine k(41).
40
Let j(k) = -k**2 - 628*k + 77785. Give j(106).
-19
Let t(l) = -13*l + 1211. Determine t(26).
873
Let k(v) = -48*v**2 + 111*v + 1. Determine k(-5).
-1754
Let u(c) = 3*c**2 - 82*c - 18491. Determine u(-66).
-11
Let z(c) = -411*c - 948. Determine z(-2).
-126
Let k(z) = 1406*z - 9307. Give k(7).
535
Let g(k) = 101*k**3 - 10*k**2 + 246*k - 834. Calculate g(4).
6454
Let f(x) = x**3 + 80*x**2 + 832*x + 5028. Determine f(-69).
-9
Let u(v) = 48*v + 978. Calculate u(-29).
-414
Let p(l) = -l**3 + 40*l**2 - 123*l - 3585. Calculate p(33).
-21
Let z(u) = -u**2 + 513*u + 1084. Determine z(-2).
54
Let d(y) = -5*y**2 - 16188*y + 1130648. Give d(-3306).
-4
Let s(i) = -56*i**2 + 3293*i + 104. What is s(59)?
-545
Let i(j) = j**3 - 1612*j**2 + 58*j - 3. What is i(0)?
-3
Let r(t) = -t**3 - 404*t**2 - 36711*t - 449. What is r(-138)?
-35
Let i(r) = -r**3 - 325*r**2 + 11406*r + 579. Determine i(32).
3
Let f(k) = -k**3 + 33*k**2 - 178*k - 252. Give f(26).
-148
Let g(u) = u**3 - 49*u**2 + 475*u + 372. Give g(14).
162
Let a(m) = -150*m - 1022. Give a(-6).
-122
Let a(l) = -9*l - 1935. What is a(-63)?
-1368
Let o(a) = -1968*a + 120021. Calculate o(61).
-27
Let m(v) = -9*v**3 - 279*v**2 - 476*v - 14767. Give m(-31).
-11
Let z(h) = 86*h**2 - 311*h - 323. What is z(-1)?
74
Let d(s) = 43931*s - 131697. Determine d(3).
96
Let o(g) = 33748*g - 337482. Calculate o(10).
-2
Let t(m) = m**3 - 96*m**2 + 1085*m - 933. Determine t(12).
-9
Let f(g) = -48487*g - 2957716. Determine f(-61).
-9
Let a(b) = -b**3 + 5*b**2 - 6962*b + 41804. Calculate a(6).
-4
Let p(n) = -30*n**2 - 4182*n + 6517. Give p(-141).
-251
Let u(f) = f**3 + 105*f**2 + 305*f - 222. What is u(-102)?
-120
Let h(y) = -1488*y - 348207. Calculate h(-234).
-15
Let w(a) = 6*a**3 + 1821*a**2 + 15886*a - 153. Calculate w(-9).
0
Let p(q) = -254*q - 9095. Calculate p(-44).
2081
Let r(w) = 3099*w - 89868. What is r(29)?
3
Let a(w) = 63*w**2 - 877*w - 18. What is a(14)?
52
Let a(b) = -36450*b - 765411. Determine a(-21).
39
Let k(h) = -4*h**2 - 517*h - 3428. What is k(-121)?
565
Let z(m) = -8719*m + 156735. Give z(18).
-207
Let q(r) = 865*r**3 + 4*r**2 + 208*r + 207. Give q(-1).
-862
Let b(r) = -r**2 - 42*r + 106. What is b(0)?
106
Let j(a) = 5544*a + 4701318. Give j(-848).
6
Let i(r) = r**2 - 86*r + 1301. What is i(44)?
-547
Let w(s) = -56785*s - 3691066. Give w(-65).
-41
Let z(w) = w**3 - 122*w**2 + 114*w + 416. Give z(121).
-431
Let a(i) = -i**2 - 183*i - 2890. Calculate a(-164).
226
Let m(s) = -4901*s - 68672. Calculate m(-14).
-58
Let g(k) = k**3 - 579*k**2 + 2140*k + 92005. Determine g(575).
5
Let x(q) = q**3 + 35*q**2 + 164*q + 313. Calculate x(-21).
3043
Let m(d) = d**3 - 1148*d**2 + 4548*d + 32018. Calculate m(1144).
-14
Let y(o) = 21*o**2 + 7606*o + 252668. Calculate y(-37).
-5
Let u(y) = 19570*y - 3953152. Give u(202).
-12
Let v(i) = -i**3 + 1103*i**2 - 7715*i + 328. Determine v(7).
27
Let x(t) = t**3 - 5700*t - 17078. Determine x(-3).
-5
Let x(u) = -10*u**2 + 17828*u - 1933493. Calculate x(116).
-5
Let d(w) = w**2 - 84*w + 4608. What is d(79)?
4213
Let k(u) = u**3 + 23*u**2 + 4*u - 794. What is k(-21)?
4
Let q(j) = -3*j**2 + 89789*j - 1794579. Give q(20).
1
Let d(s) = -12467*s + 7567453. Give d(607).
-16
Let m(d) = -3867*d + 850732. Give m(220).
-8
Let q(k) = -k**2 - 1311*k + 372236. Calculate q(240).
-4
Let d(m) = -m**3 + 138*m**2 + 121*m + 2522. Give d(139).
20
Let b(m) = -695*m + 7575. What is b(10)?
625
Let p(c) = 5*c**3 - 521*c**2 - 960*c + 546. Determine p(106).
-90
Let m(w) = w**3 - 5*w**2 - 166*w + 29. Give m(0).
29
Let o(y) = 25*y**3 + 308*y**2 + 22*y + 11. Calculate o(-12).
899
Let d(q) = q**3 - 60*q**2 - 1395*q - 712. Calculate d(78).
-10
Let z(d) = -84*d**2 - 103*d - 326. Give z(-3).
-773
Let a(i) = i**3 - 54*i**2 + 327*i - 3216. Determine a(49).
802
Let p(k) = 5*k**2 + 222*k + 1682. Calculate p(-8).
226
Let v(p) = -18795*p + 657970. Give v(35).
145
Let b(d) = -2027*d - 145926. What is b(-72)?
18
Let r(b) = 3*b**3 + 68*b**2 - 177*b + 65. Calculate r(-25).
115
Let v(u) = 11*u**3 + 173*u**2 - 32*u + 91. Give v(-16).
-165
Let a(x) = 19*x**3 + 315*x**2 - 485*x + 67. Determine a(-18).
49
Let p(d) = -43265*d + 908451. Determine p(21).
-114
Let a(f) = -3*f**2 + 616*f + 39155. Give a(-52).
-989
Let l(f) = 2*f**2 - 9142*f + 63927. Calculate l(7).
31
Let v(y) = -842*y - 8296. Determine v(-15).
4334
Let c(a) = 2*a**2 + 52*a + 231. Give c(-23).
93
Let t(j) = -j**2 - 353*j - 27734. Give t(-118).
-4
Let z(o) = -o**2 - 82*o - 1205. Calculate z(-43).
472
Let g(s) = s**3 - 22*s**2 + 33*s - 196. Determine g(17).
-1080
Let b(w) = -962*w - 22109. Calculate b(-23).
17
Let h(u) = 3*u**3 + 910*u**2 + 2112*u + 1498. Give h(-301).
-7
Let d(n) = -885*n**2 + 461*n - 462. What is d(1)?
-886
Let c(i) = -4572*i - 1216132. Give c(-266).
20
Let j(p) = 53*p**2 + 705*p - 85. Calculate j(-15).
1265
Let s(m) = -m**3 + 115*m**2 + 614*m - 182. Determine s(120).
1498
Let q(c) = 17*c**3 - 54*c**2 - 54*c - 83. What is q(5)?
422
Let d(n) = -684370*n + 10949894. Give d(16).
-26
Let h(p) = -p**3 + 17*p**2 - 171*p + 2462. Give h(16).
-18
Let q(p) = -p**3 + 9*p**2 - 39*p + 89. What is q(12)?
-811
Let h(l) = -78207*l - 18769690. What is h(-240)?
-10
Let a(f) = -2*f**2 + 148143*f + 592609. What is a(-4)?
5
Let l(q) = -43*q + 2149. Give l(49).
42
Let f(a) = a**3 + 8*a**2 - 2286*a + 47. Determine f(-52).
-57
Let u(x) = 1153*x - 16150. Give u(14).
-8
Let c(b) = b**3 + 9653*b**2 + 125275*b - 590. What is c(-13)?
-5
Let c(n) = -n**3 - 51*n**2 + 451*n + 18332. Calculate c(-53).
47
Let u(q) = 3361*q**2 - 13589*q + 578. Give u(4).
-2
Let a(w) = 85*w**2 - 26*w - 1055. Give a(-4).
409
Let j(p) = -3*p**2 - 841*p + 20284. Give j(-303).
-320
Let i(k) = 34271*k + 1884892. Determine i(-55).
-13
Let i(g) = -15*g**2 - 5651*g + 53696. What is i(-386)?
42
Let k(n) = -2220*n - 35489. Give k(-16).
31
Let b(i) = -i**3 + 92*i**2 + 894*i + 750. What is b(-8)?
-2
Let i(p) = 371*p + 13454. Give i(-30).
2324
Let h(p) = 33*p + 3765. Calculate h(-114).
3
Let n(b) = -2850*b - 1065873. Give n(-374).
27
Let h(f) = 3149*f**2 - 103918*f + 33. Determine h(33).
0
Let w(y) = 82*y**2 + 21*y + 409. Determine w(0).
409
Let x(c) = -19954*c + 259521. Calculate x(13).
119
Let m(x) = -7637*x - 38086. Give m(-5).
99
Let k(y) = -y**2 + 354*y - 20687. Calculate k(78).
841
Let f(l) = l**2 - 148*l - 28375. What is f(-110)?
5
Let c(f) = 148*f - 35131. Calculate c(224).
-1979
Let r(j) = -2*j**3 - 31*j**2 - 4*j - 339. Determine r(0).
-339
Let g(a) = a**2 - 182*a + 302. Calculate g(183).
485
Let t(p) = 2*p**2 + 538*p + 30625. Determine t(-178).
-1771
Let v(a) = -28*a**3 - 1654*a**2 - 143*a - 119. Calculate v(-59).
1356
Let q(z) = 4*z**2 + 96*z + 1360. What is q(-21)?
1108
Let i(k) = -431039*k - 1293113. Determine i(-3).
4
Let r(f) = 220*f + 26943. Give r(-123).
-117
Let f(h) = 1064*h - 21746. Calculate f(19).
-1530
Let m(q) = -91*q + 798. Give m(3).
525
Let k(f) = -f**2 + 76*f - 170. What is k(81)?
-575
Let r(s) = -4976*s + 5325. Calculate r(2).
-4627
Let s(q) = q**3 + 27*q**2 + 420*q + 12831. What is s(-28)?
287
Let y(l) = 73*l**2 - 152*l + 34. Give y(3).
235
Let h(o) = -2*o**3 + 565*o**2 + 4380*o - 8741. Calculate h(290).
-41
Let y(z) = 6*z**3 - 83*z**2 - z + 10. Determine y(13).
-848
Let d(k) = -24*k**2 + 2198*k + 3166. What is d(93)?
4
Let n(o)